 w(21).
75
Let t(x) = 10*x - 278. Calculate t(28).
2
Let r(o) = o**2 - 5*o - 24. Calculate r(8).
0
Let n(k) = -3*k**2 + k - 4. What is n(2)?
-14
Let b(c) = -3*c**2 + 2*c + 3. What is b(-2)?
-13
Let f(c) = -25*c + 14. What is f(1)?
-11
Let d(o) = -3*o**3 + 4*o**2 - 3*o + 2. Calculate d(2).
-12
Let g(v) = 12*v + 384. Give g(-32).
0
Let c(r) = -r**3 - 2*r**2 + 3*r + 1. Give c(2).
-9
Let h(x) = x**2 - 10*x - 11. Determine h(12).
13
Let m(t) = -t + 13. Give m(15).
-2
Let b(x) = x**2 + 7*x - 13. Give b(-8).
-5
Let j(v) = -3*v**2 - 3*v - 1. What is j(-1)?
-1
Let n(w) = 4*w + 6. Calculate n(-4).
-10
Let a(x) = -x**3 + 2*x**2 + 2*x + 3. Give a(0).
3
Let t(x) = -6*x + 15. Calculate t(-5).
45
Let r(l) = l**2 + 10*l + 1. Calculate r(-10).
1
Let o(b) = b**3 - 15*b**2 + 7*b - 45. What is o(15)?
60
Let j(q) = q**3 + 6*q**2 + 9*q + 4. What is j(-2)?
2
Let g(s) = -s**2 + 11*s - 7. Give g(8).
17
Let y(q) = -q**3 + 4*q**2 - q - 4. Calculate y(4).
-8
Let z(c) = 3*c - 9. Calculate z(7).
12
Let q(p) = 7*p**3 - p**2 + 2*p - 1. Give q(1).
7
Let f(w) = -5*w**2 + 6*w + 5. What is f(-4)?
-99
Let j(c) = c**3 - 25*c**2 + 26*c - 55. What is j(24)?
-7
Let i(r) = r + 51. Give i(-39).
12
Let s(j) = -2*j**2 - 20*j - 39. Determine s(-10).
-39
Let m(y) = y**2 + 2*y - 9. Calculate m(-5).
6
Let o(b) = -5*b**2 + b - 2. Give o(1).
-6
Let n(j) = j**2 - 8*j + 14. What is n(9)?
23
Let u(h) = -18*h + 184. Determine u(10).
4
Let k(y) = 2*y**2 + 69*y - 107. Calculate k(-36).
1
Let o(g) = 2*g**3 + 49*g**2 - 18*g + 181. What is o(-25)?
6
Let l(h) = -h**2 + 5*h + 7. Give l(6).
1
Let x(s) = 34*s + 96. Determine x(-3).
-6
Let h(p) = -3*p - 6. What is h(-3)?
3
Let d(y) = y + 6. Determine d(-6).
0
Let z(p) = -6*p**2 - 59*p + 17. Give z(-10).
7
Let m(a) = a**3 - 2*a**2 - 7*a + 17. Determine m(4).
21
Let c(y) = -74*y**2 + 3*y + 2. Determine c(-1).
-75
Let r(t) = t**2 - 2*t - 16. Give r(5).
-1
Let k(w) = w**3 - 5*w**2 - 13*w + 20. Give k(7).
27
Let r(d) = 2*d**3 + d**2 + d + 5. Determine r(4).
153
Let x(n) = 11*n + 120. What is x(-10)?
10
Let z(l) = -l**3 + 14*l**2 - 11*l - 14. Determine z(13).
12
Let h(l) = -9*l - 3. Calculate h(-5).
42
Let k(w) = w**2 + 18*w + 20. Give k(-17).
3
Let n(h) = 14*h. Determine n(-1).
-14
Let p(v) = -v**3 - 6*v**2 - 3*v + 4. Give p(-6).
22
Let w(a) = 13*a + 58. What is w(11)?
201
Let o(y) = y - 1. What is o(-6)?
-7
Let y(a) = -4*a - 5. Calculate y(4).
-21
Let z(y) = -y**3 - 10*y**2 + 5*y - 2. Give z(-10).
-52
Let z(x) = -x**3 - x**2 + 12*x + 22. Determine z(-3).
4
Let k(s) = 2*s - 10. Give k(-4).
-18
Let i(d) = d**3 - 7*d**2 + 6*d + 10. Determine i(5).
-10
Let m(o) = 3*o**2 - 106*o + 41. Give m(35).
6
Let o(m) = m + 7. What is o(-9)?
-2
Let w(p) = 3*p - 11. Calculate w(5).
4
Let r(y) = y**3 - 13*y**2 + 9*y - 18. Determine r(12).
-54
Let d(u) = -2*u + 17. Determine d(8).
1
Let q(v) = 9*v + 82. Calculate q(-13).
-35
Let m(n) = -6*n**2 - 171*n + 172. What is m(1)?
-5
Let q(v) = 10*v**2 + 21*v + 1. Determine q(-2).
-1
Let c(u) = 2*u + 93. Determine c(-43).
7
Let g(b) = b**3 - 4*b**2 - b - 4. Calculate g(4).
-8
Let g(s) = -2*s**2 - 5*s + 2. Determine g(-4).
-10
Let a(u) = -u**2 - 17*u - 26. Determine a(-15).
4
Let m(p) = p**2 + 17*p + 10. Determine m(-21).
94
Let n(a) = -24*a**2 + 5*a + 4. What is n(-1)?
-25
Let o(b) = -b**2 - 16*b. What is o(-15)?
15
Let o(l) = -30*l**3 - 2*l**2 + l + 1. What is o(1)?
-30
Let m(o) = -o**3 - o**2 - 9*o - 15. Give m(-2).
7
Let t(l) = 4*l + 19. Calculate t(-6).
-5
Let m(y) = y - 2. Give m(-8).
-10
Let z(p) = 2*p + 38. What is z(-21)?
-4
Let s(r) = -6*r - 20. Calculate s(-4).
4
Let i(v) = -v**3 + 11*v**2 + 13*v - 9. Calculate i(12).
3
Let s(c) = -7*c - 21. Calculate s(-4).
7
Let a(d) = -d**2 - 12*d + 44. What is a(-15)?
-1
Let a(l) = l**3 + 15*l**2 - 19*l - 56. What is a(-16)?
-8
Let m(a) = 5*a**3 + a**2 + 2*a. What is m(-2)?
-40
Let z(o) = -3*o**3 + 2*o**2 - 2*o + 4. Give z(2).
-16
Let s(n) = 2*n + 29. What is s(-13)?
3
Let g(x) = -14*x - 10. Calculate g(1).
-24
Let s(d) = -10*d + 5. Calculate s(3).
-25
Let j(r) = -16*r**2 + 14*r + 13. Give j(-1).
-17
Let o(l) = l**2 + 5*l - 4. Give o(-5).
-4
Let a(x) = -7*x - 5. Give a(-2).
9
Let n(r) = r**3 - 4*r**2 - 2*r + 4. Determine n(3).
-11
Let x(k) = k**2 - 4*k - 4. Give x(-3).
17
Let q(s) = s**2 + 23*s + 2. Give q(-23).
2
Let m(o) = -9*o**3 - 15*o**2 - 14*o + 2. Determine m(-1).
10
Let y(f) = -10*f + 135. Determine y(13).
5
Let f(q) = q**3 - 6*q**2 + 6*q + 3. Determine f(3).
-6
Let l(h) = -h**3 - 9*h**2 + 15*h + 20. Determine l(-10).
-30
Let p(x) = x**3 - 7*x**2 + 11*x + 3. Determine p(6).
33
Let o(x) = -x + 12. Determine o(5).
7
Let v(u) = -u**2 + 5*u + 7. Calculate v(-5).
-43
Let a(h) = h**2 + 14*h - 7. Calculate a(-17).
44
Let p(u) = -u**3 - 13*u**2 - 14*u - 20. Calculate p(-12).
4
Let g(u) = u**3 + 7*u**2 + u - 1. What is g(-7)?
-8
Let v(u) = 4*u - 103. Calculate v(27).
5
Let p(h) = h**2 - 10*h - 19. Determine p(11).
-8
Let n(h) = h**3 + 7*h**2 - 58*h - 359. Give n(-9).
1
Let o(j) = -32*j. Give o(3).
-96
Let o(c) = c**3 - 5*c - 8. Give o(0).
-8
Let s(x) = -x**3 + 11*x**2 - 12*x - 25. Give s(9).
29
Let f(m) = m**2 + 11*m - 1. What is f(-11)?
-1
Let x(u) = u**3 + 4*u**2 - 11*u + 13. What is x(-6)?
7
Let y(s) = -2*s + 7. Determine y(8).
-9
Let r(z) = z**3 - 6*z**2 + 2*z - 66. Calculate r(7).
-3
Let g(d) = d**2 - 27*d + 177. Determine g(17).
7
Let z(c) = -c**2 + c - 5. Determine z(-5).
-35
Let d(f) = f - 3. Determine d(6).
3
Let b(o) = -o**3 - 8*o**2 - o + 5. Determine b(-6).
-61
Let d(a) = 4*a**2 + 16*a + 31. Determine d(-9).
211
Let k(q) = q**2 + 21*q + 22. Determine k(-20).
2
Let t(a) = -a**3 - 6*a**2 - 7*a - 4. Calculate t(-5).
6
Let l(f) = 4*f + 15. What is l(-3)?
3
Let o(w) = w**3 + 18*w**2 + 47*w + 21. Calculate o(-15).
-9
Let x(t) = -4*t + 10. Give x(-4).
26
Let n(o) = -o**3 + 8*o**2 - 3*o - 3. Calculate n(4).
49
Let s(t) = t**3 + 12*t**2 + 20*t - 1. Give s(-10).
-1
Let r(a) = 10*a - 60. Determine r(6).
0
Let k(n) = n**3 + 19*n**2 - 22*n - 47. Give k(-20).
-7
Let g(d) = 3*d**3 + 23*d**2 - 7*d. What is g(-8)?
-8
Let p(z) = 4*z - 2. What is p(-1)?
-6
Let b(k) = -4*k - 3. Give b(0).
-3
Let u(l) = -l**3 - 12*l**2 - 16*l + 32. What is u(-10)?
-8
Let d(y) = y**3 + 6*y**2 + 2*y + 8. Calculate d(-6).
-4
Let u(c) = 9*c**2 + 208*c + 25. Calculate u(-23).
2
Let n(h) = -h**2 + 4*h - 2. Calculate n(5).
-7
Let n(i) = -i**3 + 8*i**2 - 10*i - 7. What is n(6)?
5
Let w(d) = -d - 13. Calculate w(-10).
-3
Let x(p) = -8*p + 295. Give x(37).
-1
Let l(x) = -x**3 - 34*x**2 - 3*x - 105. Give l(-34).
-3
Let i(r) = -7*r**2 - 62*r - 3. Give i(-9).
-12
Let a(v) = v**3 - 9*v**2 - 15*v + 49. Calculate a(10).
-1
Let j(a) = a**3 + 57*a**2 + 6*a + 351. Give j(-57).
9
Let d(w) = -2*w - 3. Give d(-3).
3
Let u(f) = -f**2 + 33*f - 2. Give u(33).
-2
Let z(u) = -4*u - 23. Determine z(-7).
5
Let o(l) = l**3 - 5*l**2 + 3*l - 5. Give o(5).
10
Let i(x) = x**3 + 23*x**2 - 6*x - 122. What is i(-23)?
16
Let j(s) = 11*s - 5. What is j(2)?
17
Let g(x) = -4*x + 7. What is g(3)?
-5
Let n(a) = 2*a**2 - 34*a + 1. Determine n(17).
1
Let v(m) = -m**3 + 8*m**2 - 11*m + 5. Give v(6).
11
Let y(m) = 30*m + 65. Calculate y(-2).
5
Let t(m) = m**3 - m**2 + 3*m - 2. Give t(2).
8
Let f(j) = j**2 - j + 12. Determine f(0).
12
Let m(t) = 6*t**2 + 17*t - 16. Give m(1).
7
Let q(l) = l + 31. Calculate q(-13).
18
Let c(w) = w + 13. Determine c(-30).
-17
Let r(w) = -w**3 - 6*w**2 - 7*w + 1. Determine r(-3).
-5
Let y(u) = u**3 - 8*u**2 - 10*u + 8. What is y(9)?
-1
Let i(z) = z**3 - 9*z**2 - z + 12. Determine i(9).
3
Let w(l) = -l**2 + 11*l - 10. Give w(9).
8
Let w(d) = d**3 - 14*d**2 + d - 6. Give w(14).
8
Let f(k) = -5*k + 43. Calculate f(20).
-57
Let l(i) = -5*i + 25. Give l(7).
-10
Let c(q) = -q**3 + 6*q**2 + 4*q + 28. What is c(7)?
7
Let m(q) = -4*q + 4. Calculate m(-4).
20
Let p(r) = 3*r - 37. Calculate p(10).
-7
Let g(y) = y**2 - 5*y + 6. What is g(8)?
30
Let s(w) = -w**3 - 8*w**2 + 20*w - 7. Determine s(-10).
-7
Let f(n) = -17*n**2 + 2*n. What is f(2)?
-64
Let k(j) = 4*j**2 + 49*j + 7. Determine k(-12).
-5
Let q(i) = -6*i - 19. Calculate q(7).
-61
Let i(q) = 7*q**2 - 69*q + 3. What is i(10)?
13
Let f(i) = -8*i + 39. Calculate f(8).
-25
Let a(p) = p**2 - 15*p - 34. What is a(-2)?
0
Let i(x) = x**3 - x**2 - 3*x - 2. Give i(-1).
-1
Let z(u) = -5*u**2 - u